f 4430914?
True
Is 134 a factor of 40178?
False
Is 12 a factor of 9444732?
True
Is 362 a factor of 6491746?
True
Is 333337 a multiple of 74?
False
Is 30 a factor of 157512?
False
Is 337 a factor of 307681?
True
Is 260163 a multiple of 9?
True
Is 1224588 a multiple of 492?
True
Does 12 divide 1038564?
True
Is 4502169 a multiple of 21?
True
Is 11 a factor of 383376?
False
Is 146 a factor of 183638?
False
Is 847 a factor of 99946?
True
Does 653 divide 20637412?
True
Is 26 a factor of 7100?
False
Is 517408 a multiple of 23?
True
Is 772260 a multiple of 30?
True
Is 928151 a multiple of 200?
False
Is 16 a factor of 1367728?
True
Is 306223 a multiple of 20?
False
Is 774694 a multiple of 346?
True
Does 35 divide 63297?
False
Is 645179 a multiple of 47?
False
Is 33 a factor of 4941763?
False
Is 6492366 a multiple of 502?
True
Is 39 a factor of 93444?
True
Is 76183 a multiple of 37?
True
Is 34 a factor of 3425670?
True
Does 635 divide 2706370?
True
Does 186 divide 603756?
True
Does 743 divide 951783?
True
Does 3 divide 28810?
False
Is 44 a factor of 35508?
True
Does 73 divide 2668527?
False
Does 2 divide 284982?
True
Is 62 a factor of 2772?
False
Is 503727 a multiple of 17?
True
Is 5752798 a multiple of 29?
False
Does 46 divide 514556?
True
Is 156691 a multiple of 79?
False
Is 763658 a multiple of 308?
False
Is 49 a factor of 1107939?
True
Does 301 divide 379862?
True
Does 17 divide 90083?
True
Does 55 divide 20835?
False
Is 98 a factor of 3587878?
True
Is 1182823 a multiple of 55?
False
Does 204 divide 4087252?
False
Does 36 divide 75374?
False
Is 202 a factor of 3630950?
True
Is 620618 a multiple of 543?
False
Is 260 a factor of 11733800?
True
Does 690 divide 25530?
True
Is 1169 a factor of 9413957?
True
Is 4683469 a multiple of 19?
False
Is 199108 a multiple of 52?
True
Is 80 a factor of 506640?
True
Is 43 a factor of 43344?
True
Is 5354806 a multiple of 8?
False
Is 9 a factor of 33393?
False
Is 6 a factor of 1578936?
True
Is 20 a factor of 4103120?
True
Is 15 a factor of 112560?
True
Is 138705 a multiple of 5?
True
Does 1598 divide 8982358?
True
Is 562608 a multiple of 24?
True
Is 117653 a multiple of 61?
False
Is 246 a factor of 322506?
True
Is 1130384 a multiple of 16?
True
Is 5 a factor of 1023125?
True
Is 752827 a multiple of 29?
False
Does 27 divide 5644195?
False
Does 77 divide 72842?
True
Is 34 a factor of 105876?
True
Is 186 a factor of 217434?
True
Is 324 a factor of 777276?
True
Does 7 divide 1837007?
False
Is 771318 a multiple of 146?
True
Does 683 divide 3788843?
False
Is 3635840 a multiple of 832?
True
Is 4345701 a multiple of 72?
False
Is 42 a factor of 131250?
True
Does 168 divide 157248?
True
Is 47096 a multiple of 14?
True
Is 60610 a multiple of 22?
True
Is 3573900 a multiple of 1881?
True
Does 18 divide 434376?
True
Does 80 divide 1754553?
False
Does 5 divide 7263?
False
Is 30 a factor of 118410?
True
Does 11 divide 869792?
True
Is 37 a factor of 22231?
False
Does 41 divide 942985?
False
Is 530 a factor of 619040?
True
Is 3750336 a multiple of 68?
True
Is 133 a factor of 123334?
False
Is 1464 a factor of 6003563?
False
Is 27 a factor of 393613?
False
Is 3025373 a multiple of 88?
False
Is 531519 a multiple of 16?
False
Is 295860 a multiple of 20?
True
Is 24 a factor of 203280?
True
Does 129 divide 262488?
False
Is 37 a factor of 254634?
True
Does 23 divide 1834199?
False
Does 99 divide 17030?
False
Does 173 divide 4868126?
False
Does 73 divide 526944?
False
Does 10 divide 374746?
False
Is 94 a factor of 3952042?
True
Is 310 a factor of 1221400?
True
Does 147 divide 6693939?
True
Is 121923 even?
False
Does 37 divide 6697?
True
Does 28 divide 20852328?
True
Does 245 divide 250145?
True
Is 15 a factor of 96954?
False
Is 345 a factor of 620655?
True
Is 15559958 a multiple of 747?
False
Is 6662297 a multiple of 10?
False
Is 349 a factor of 31330?
False
Is 5 a factor of 558157?
False
Is 163 a factor of 4375752?
False
Is 190 a factor of 2043819?
False
Is 14 a factor of 1508621?
False
Is 12735 a multiple of 9?
True
Is 9 a factor of 114521?
False
Does 63 divide 25083261?
True
Is 19 a factor of 699447?
True
Is 177 a factor of 634347?
False
Is 4983823 a multiple of 13?
True
Is 12 a factor of 134112?
True
Is 665295 a multiple of 551?
False
Does 14 divide 36918?
True
Is 67 a factor of 622698?
True
Is 46 a factor of 764967?
False
Does 41 divide 16155025?
True
Is 12 a factor of 47235?
False
Is 7922 a multiple of 19?
False
Is 159695 a multiple of 205?
True
Does 558 divide 105430?
False
Is 4307800 a multiple of 14?
True
Is 101529 even?
False
Is 312 a factor of 12690288?
True
Does 38 divide 6308?
True
Does 230 divide 662043?
False
Is 251907 a multiple of 49?
False
Is 11696560 a multiple of 223?
False
Is 367 a factor of 6383965?
True
Is 43 a factor of 16671687?
False
Does 32 divide 659528?
False
Does 101 divide 373599?
True
Is 203 a factor of 160881?
False
Does 268 divide 539216?
True
Is 1663 a factor of 523558?
False
Is 374317 a multiple of 7?
False
Does 49 divide 192971?
False
Does 712 divide 406552?
True
Does 94 divide 391692?
False
Is 269 a factor of 342081?
False
Is 984805 a multiple of 10?
False
Is 20524 a multiple of 4?
True
Is 690 a multiple of 3?
True
Is 208 a factor of 571584?
True
Does 140 divide 40761?
False
Is 5838413 a multiple of 102?
False
Is 2408788 a multiple of 6?
False
Is 16 a factor of 1390115?
False
Does 331 divide 3708524?
True
Does 64 divide 4071353?
False
Is 1311151 a multiple of 8?
False
Does 170 divide 131596?
False
Is 1773 a factor of 11588328?
True
Is 21129 a multiple of 144?
False
Does 15 divide 176491?
False
Is 6 a factor of 1110352?
False
Does 488 divide 217738?
False
Is 877234 a multiple of 2?
True
Is 2 a factor of 1505320?
True
Is 10 a factor of 884880?
True
Does 18 divide 1060254?
True
Is 56 a factor of 8876448?
True
Does 12 divide 778796?
False
Is 8 a factor of 746491?
False
Does 291 divide 5686805?
False
Is 67194 a multiple of 76?
False
Does 195 divide 275730?
True
Does 22 divide 47981?
False
Does 62 divide 119032?
False
Is 795810 a multiple of 41?
True
Does 19 divide 536412?
False
Does 127 divide 106412?
False
Is 54000 a multiple of 17?
False
Is 2525277 a multiple of 379?
True
Is 72142 a multiple of 14?
True
Does 47 divide 2097321?
False
Is 41 a factor of 522231?
False
Is 15488 even?
True
Is 27 a factor of 591030?
True
Does 17 divide 9502237?
False
Is 1435674 a multiple of 111?
True
Is 899264 a multiple of 16?
True
Is 147 a factor of 78833?
False
Is 98 a factor of 163817?
False
Does 28 divide 589316?
True
Is 7963821 a multiple of 201?
True
Does 106 divide 382024?
True
Is 48 a factor of 4530192?
True
Is 190 a factor of 5072240?
True
Is 55 a factor of 38280?
True
Does 4 divide 29387?
False
Is 20 a factor of 22520?
True
Is 2 a factor of 38924?
True
Is 797634 a multiple of 1297?
False
Does 5 divide 2524?
False
Does 89 divide 486029?
True
Is 63 a factor of 22824?
False
Is 448 a factor of 3225238?
False
Is 22 a factor of 47582?
False
Does 26 divide 504062?
True
Is 267 a factor of 383906?
False
Is 357598 a multiple of 13?
False
Does 450 divide 724500?
True
Is 2 a factor of 91555?
False
Does 5 divide 112815?
True
Is 611 a factor of 69404?
False
Does 28 divide 7220?
False
Does 733 divide 1426613?
False
Is 1057532 a multiple of 179?
True
Is 17 a factor of 148648?
True
Does 39 divide 211463?
False
Is 5389 a multiple of 30?
False
Does 1539 divide 1035449?
False
Is 8 a factor of 5446?
False
Is 899956 a multiple of 47?
True
Is 161 a factor of 704536?
True
Is 526965 a multiple of 15?
True
Is 312417 a multiple of 29?
True
Is 12 a factor of 569795?
False
Is 320894 a multiple of 5?
False
Does 8 divide 126253?
False
Is 109 a factor of 194020?
True
Is 3 a factor of 33986?
False
Does 33 divide 204798?
True
Is 548292 a multiple of 12?
True
Is 85 a factor of 223125?
True
Is 34 a factor of 6231?
False
Is 7 a factor of 38700?
False
Is 104 a factor of 111072?
True
Is 376526 a multiple of 63?
False
Is 44858 a multiple of 129?
False
Does 21 divide 324892?
False
Does 209 divide 4389?
True
Is 285944 a multiple of 52?
False
Is 64856 a multiple of 3?
False
Is 604 a factor of 756812?
True
Is 39205 a multiple of 26?
False
Does 17 divide 2309132?
False
Is 31382 a multiple of 5?
False
Does 369 divide 11759661?
True
Is 938123 a multiple of 11?
F